2473
Let i(w) = -221*w**2 - 2902*w - 21. What is i(-13)?
356
Let c(q) = -3*q**3 + 152*q**2 + 370*q - 27. What is c(53)?
-80
Let m(c) = -2315*c - 44218. Give m(-19).
-233
Let v(w) = w**3 - 28*w**2 + 185*w - 2002. Give v(24).
134
Let a(q) = 13282*q - 26541. Determine a(2).
23
Let m(p) = -4338*p - 299319. Determine m(-69).
3
Let a(f) = 85751*f + 3258555. Give a(-38).
17
Let z(c) = -2*c**3 - 161*c**2 + 1023*c + 6634. Determine z(-86).
12
Let k(p) = -4283*p + 513960. What is k(120)?
0
Let t(d) = -17*d**2 - 177*d + 804. What is t(-14)?
-50
Let l(n) = -4*n**2 - 67868*n - 3113455. What is l(-46)?
9
Let r(s) = 1405*s + 991925. Give r(-706).
-5
Let v(f) = 8312*f - 124395. Determine v(15).
285
Let p(m) = 14*m**2 + 3838*m - 22971. Calculate p(-280).
-11
Let x(m) = m**2 + 1003*m + 37619. Determine x(-39).
23
Let k(i) = -5*i**3 + 107*i**2 + 154*i. Calculate k(22).
1936
Let k(j) = 135*j + 4792. Calculate k(-35).
67
Let z(u) = 240989*u - 1445907. What is z(6)?
27
Let h(c) = -11*c**2 - 281*c - 50. Determine h(-15).
1690
Let y(n) = 1321*n**2 + 31527*n - 4258. Determine y(-24).
-10
Let z(h) = 2*h**3 + 64*h**2 + 500*h + 133. Determine z(-19).
19
Let q(y) = y**3 + 14*y**2 - 6459*y - 120922. Determine q(-19).
-6
Let q(c) = -2736*c - 10957. Determine q(-4).
-13
Let y(i) = 6*i**3 + 1609*i**2 + 27012*i - 24. What is y(-18)?
84
Let a(k) = -232*k + 1766. What is a(7)?
142
Let q(p) = p**3 + 14*p**2 + 2651*p + 15624. Give q(-6).
6
Let m(z) = -2*z**2 + 1886*z - 271208. Give m(177).
-44
Let g(v) = -215*v - 3352. What is g(-12)?
-772
Let u(d) = d**2 - 468*d + 33973. Give u(90).
-47
Let k(q) = 13*q**3 + 11*q**2 + 163*q + 441. Determine k(-3).
-300
Let o(w) = -200*w**2 + 1115*w - 5586. What is o(5)?
-5011
Let x(y) = y**3 - 4*y**2 - 399*y - 2878. Give x(-8).
-454
Let t(j) = -j**3 + 94*j**2 + 2037*j + 399. What is t(-18)?
21
Let t(y) = -7*y**3 + 5*y**2 + 10*y - 23. Give t(3).
-137
Let s(q) = -15*q**3 - 364*q**2 - 21*q + 1792. Determine s(-24).
-8
Let s(j) = 607547*j - 3645292. What is s(6)?
-10
Let f(s) = -s**3 - 124*s**2 - 3126*s - 11222. Calculate f(-91).
-29
Let o(j) = j**3 + 14*j - 18. What is o(-10)?
-1158
Let j(v) = 10221*v + 184642. Determine j(-18).
664
Let z(m) = 2415*m - 103715. What is z(43)?
130
Let f(v) = 1612*v**2 - 90271*v - 69. Give f(56).
-13
Let d(t) = 33*t**3 - 15114*t**2 + 48*t - 21978. Calculate d(458).
6
Let o(t) = -5*t**2 - 4802*t + 47836. Calculate o(10).
-684
Let q(m) = -m**2 - 111*m - 2812. Give q(-72).
-4
Let v(f) = -62*f**2 - 12223*f + 36682. Give v(3).
-545
Let q(m) = 68*m**2 + 513*m - 2076. What is q(4)?
1064
Let u(x) = x**3 + 8*x**2 + 16*x - 61. Give u(5).
344
Let p(o) = -o**2 + 181*o + 346412. Calculate p(686).
-18
Let d(y) = 24*y**2 - 1487*y + 2968. Determine d(2).
90
Let n(p) = -583*p + 351625. What is n(603)?
76
Let p(d) = -d**3 + 35*d**2 - 200*d - 127. Calculate p(8).
1
Let p(t) = -6*t**3 - 13*t**2 - 33*t + 12. Calculate p(-8).
2516
Let l(y) = y**3 + 351*y**2 + 12129*y - 12164. Calculate l(-312).
4
Let h(j) = j**3 - 9*j**2 - 3762*j + 20. Calculate h(66).
20
Let j(y) = -2*y**2 - 1265*y + 377242. Give j(221).
-5
Let r(s) = -108*s**3 - s**2 - 97*s - 189. Give r(-2).
865
Let y(v) = 2002507*v + 14017548. Give y(-7).
-1
Let j(y) = -3*y**2 - 228*y - 2059. What is j(-63)?
398
Let z(r) = r**3 - 84*r**2 + 47*r - 2783. Calculate z(84).
1165
Let u(z) = -z**2 - 444*z - 3964. Determine u(-9).
-49
Let w(h) = -68*h**2 + 945*h - 2219. Give w(3).
4
Let r(l) = 14*l**2 - 2584*l + 34680. Give r(170).
0
Let b(m) = 2*m**2 + 86*m + 297. Calculate b(-13).
-483
Let k(m) = m**2 - 1152*m + 16562. Determine k(15).
-493
Let b(c) = 2*c**2 - 361*c + 5030. Determine b(15).
65
Let y(a) = 4*a**3 - 58*a**2 - 114*a + 158. Calculate y(-3).
-130
Let d(z) = -z**3 + 11*z**2 + 185*z + 1828. Calculate d(-11).
2455
Let q(j) = 628*j - 446494. Determine q(711).
14
Let l(v) = -1976*v + 47576. Determine l(24).
152
Let f(t) = -2*t**2 - 879*t + 32098. Determine f(34).
-100
Let m(q) = -96*q - 406. Give m(-2).
-214
Let c(p) = p**2 - 1451*p - 356431. Calculate c(-214).
-121
Let p(j) = -j**3 + 115*j**2 - 1904*j + 161. Give p(95).
-219
Let m(i) = -i**3 - 1662*i**2 - 11524*i + 424. Determine m(-7).
-3
Let z(s) = s**3 - 74*s**2 - 1134*s + 269. Calculate z(87).
8
Let x(m) = m**2 + 177*m - 3237. Give x(21).
921
Let v(m) = m**3 + 156*m**2 + 465*m + 848. Give v(-153).
-70
Let t(y) = -17632*y + 369235. Calculate t(21).
-1037
Let k(l) = l**2 - 15*l + 78. What is k(6)?
24
Let x(r) = 15*r**2 - 4807*r + 39647. What is x(312)?
23
Let h(i) = -40*i**2 + 2746*i - 2747. What is h(1)?
-41
Let k(j) = -7*j**2 + 71*j + 38. Determine k(10).
48
Let y(n) = -14*n**3 - 401*n**2 - 334*n + 66. What is y(-1)?
13
Let b(f) = 3839*f + 61359. Give b(-16).
-65
Let t(d) = 9529290*d + 19058583. Calculate t(-2).
3
Let z(b) = -b**3 - 121*b**2 - 211*b - 10788. Give z(-120).
132
Let s(l) = 8*l**3 - 86*l**2 + 182*l + 23. Give s(7).
-173
Let n(i) = i**3 + 50*i**2 - 210*i - 62. What is n(4)?
-38
Let d(t) = 26*t**2 + 1148*t - 17252. Give d(-56).
-4
Let d(m) = 1635*m + 1896. Calculate d(-1).
261
Let a(v) = v**3 - 11*v**2 - 711*v + 8354. Calculate a(12).
-34
Let y(w) = -42*w**2 + 2777*w - 17377. Calculate y(7).
4
Let z(y) = 25*y**2 + 828*y - 129. Determine z(-33).
-228
Let v(o) = -22*o**3 + 6*o**2 - 25*o - 81. Give v(-5).
2944
Let d(a) = -3*a**2 - 53*a + 3683. What is d(-46)?
-227
Let d(x) = -74*x**2 - 2033*x + 2034. Calculate d(1).
-73
Let g(r) = 4133*r + 153155. Determine g(-37).
234
Let w(h) = -41393*h - 82789. Determine w(-2).
-3
Let j(c) = -1650*c + 5220. Determine j(4).
-1380
Let g(q) = 280993*q - 4495887. Give g(16).
1
Let g(h) = 295*h**3 - 74*h**2 - 66*h + 8. Calculate g(-1).
-295
Let x(t) = -926*t - 27764. Calculate x(-28).
-1836
Let f(k) = -151*k**2 + 2955*k - 8867. Calculate f(3).
-1361
Let p(z) = 218*z**2 - 16572*z + 279. Give p(76).
-25
Let o(i) = -4022*i - 56938. What is o(-14)?
-630
Let u(o) = 2766*o - 293183. Determine u(106).
13
Let k(r) = -4111*r + 53409. Determine k(13).
-34
Let q(p) = 4938*p + 656. Calculate q(0).
656
Let t(v) = -239*v**2 - 1136*v - 6. Determine t(-6).
-1794
Let t(y) = 173*y**2 - 68*y + 283. Determine t(4).
2779
Let n(a) = 6*a**2 - 34*a + 7. Calculate n(-1).
47
Let p(x) = -201*x + 5626. Determine p(25).
601
Let c(w) = -5*w**3 + 1354*w**2 + 268*w + 817. Determine c(271).
4
Let q(t) = 11*t**3 + 53*t**2 + 27*t + 18. Give q(-4).
54
Let x(k) = -654*k + 2827. Determine x(8).
-2405
Let t(a) = 3*a**2 - 83*a + 239. Give t(26).
109
Let u(x) = x**3 + 80*x**2 + 1614*x + 235. What is u(-47)?
-2726
Let a(s) = -2100*s + 184719. Determine a(88).
-81
Let i(v) = v**3 + 10*v**2 - 535*v - 3408. What is i(-6)?
-54
Let b(r) = -r**3 + 86*r**2 + 560*r - 33792. Determine b(88).
0
Let t(j) = -2*j**3 + 7*j**2 + 47*j - 63. Calculate t(9).
-531
Let r(y) = 649*y + 68913. Calculate r(-106).
119
Let y(h) = 16204*h + 46532. Determine y(-3).
-2080
Let f(n) = -n**2 + 6033*n + 347137. What is f(-57)?
7
Let z(j) = 214810*j + 10525697. Give z(-49).
7
Let i(m) = -1181*m - 295291. Determine i(-250).
-41
Let s(q) = -2506088*q + 87713084. Determine s(35).
4
Let n(y) = 27*y**2 + 55*y - 159. What is n(-5)?
241
Let x(h) = -2*h**3 + 462*h**2 + 929*h - 69. Calculate x(233).
-768
Let j(z) = 368296*z + 2209826. Determine j(-6).
50
Let j(c) = -11*c**3 + 891*c**2 - 49*c + 3955. Calculate j(81).
-14
Let a(g) = -58420*g - 2044680. What is a(-35)?
20
Let x(b) = -5118*b + 29799. Calculate x(6).
-909
Let c(g) = -8*g**2 - 99*g + 2621. What is c(-25)?
96
Let l(j) = 13*j**2 + 116*j - 257. Calculate l(-18).
1867
Let g(r) = 286447*r - 2291684. Determine g(8).
-108
Let b(y) = y**2 - 32*y - 968. What is b(49)?
-135
Let o(c) = c**2 + 507388*c + 7103295. Give o(-14).
59
Let l(f) = -f**3 + 57*f**2 + 66*f - 163. Determine l(57).
3599
Let i(q) = -525*q + 13550. Give i(26).
-100
Let s(z) = -z**3 - 117*z**2 + 501*z + 1957. What is s(-121)?
-100
Let h(s) = -35999*s**2 - 72000*s + 3. What is h(-2)?
7
Let z(i) = 1392*i + 14934. Determine z(-11).
-378
Let u(a) = a**2 + 68*a + 1780. Determine u(-30).
640
Let k(q) = -132*q + 5120. What is k(35)?
500
Let v(h) = -1665*h - 13718. What is v(-9)?
1267
Let c(d) = -106*d**2 + 6882*d + 513. What is c(65)?
-7
Let c(o) = 2*o**3 - 509*o**2 - 4713*o + 260. Calculate c(-9).
-10
Let s(t) = -4991*t - 4576751. Determine s(-917).
-4
Let w(c)